[INFO] cloning repository https://github.com/imv/boids
[INFO] running `Command { std: "git" "-c" "credential.helper=" "-c" "credential.helper=/workspace/cargo-home/bin/git-credential-null" "clone" "--bare" "https://github.com/imv/boids" "/workspace/cache/git-repos/https%3A%2F%2Fgithub.com%2Fimv%2Fboids", kill_on_drop: false }`
[INFO] [stderr] Cloning into bare repository '/workspace/cache/git-repos/https%3A%2F%2Fgithub.com%2Fimv%2Fboids'...
[INFO] running `Command { std: "git" "rev-parse" "HEAD", kill_on_drop: false }`
[INFO] [stdout] e25c31fc1ff0ae8f88152017831643a7edd1c959
[INFO] checking imv/boids against master#af3c6e733a40e671550e0f0f5aeecaa13772ba56 for pr-74989
[INFO] running `Command { std: "git" "clone" "/workspace/cache/git-repos/https%3A%2F%2Fgithub.com%2Fimv%2Fboids" "/workspace/builds/worker-1/source", kill_on_drop: false }`
[INFO] [stderr] Cloning into '/workspace/builds/worker-1/source'...
[INFO] [stderr] done.
[INFO] validating manifest of git repo https://github.com/imv/boids on toolchain af3c6e733a40e671550e0f0f5aeecaa13772ba56
[INFO] running `Command { std: "/workspace/cargo-home/bin/cargo" "+af3c6e733a40e671550e0f0f5aeecaa13772ba56" "read-manifest" "--manifest-path" "Cargo.toml", kill_on_drop: false }`
[INFO] started tweaking git repo https://github.com/imv/boids
[INFO] finished tweaking git repo https://github.com/imv/boids
[INFO] tweaked toml for git repo https://github.com/imv/boids written to /workspace/builds/worker-1/source/Cargo.toml
[INFO] crate git repo https://github.com/imv/boids already has a lockfile, it will not be regenerated
[INFO] running `Command { std: "/workspace/cargo-home/bin/cargo" "+af3c6e733a40e671550e0f0f5aeecaa13772ba56" "fetch" "--locked" "--manifest-path" "Cargo.toml", kill_on_drop: false }`
[INFO] [stderr] warning: path `/workspace/builds/worker-1/source/src/boids.rs` was erroneously implicitly accepted for binary `boids`,
[INFO] [stderr] please set bin.path in Cargo.toml
[INFO] [stderr]     Blocking waiting for file lock on package cache
[INFO] [stderr] error: the lock file /workspace/builds/worker-1/source/Cargo.lock needs to be updated but --locked was passed to prevent this
[INFO] [stderr] If you want to try to generate the lock file without accessing the network, use the --offline flag.
[INFO] the lockfile is outdated, regenerating it
[INFO] running `Command { std: "/workspace/cargo-home/bin/cargo" "+af3c6e733a40e671550e0f0f5aeecaa13772ba56" "generate-lockfile" "--manifest-path" "Cargo.toml" "-Zno-index-update", kill_on_drop: false }`
[INFO] [stderr]     Blocking waiting for file lock on package cache
[INFO] [stderr]     Updating git repository `https://github.com/PistonDevelopers/piston`
[INFO] [stderr]     Updating git repository `https://github.com/PistonDevelopers/graphics`
[INFO] [stderr]     Updating git repository `https://github.com/PistonDevelopers/opengl_graphics`
[INFO] [stderr]     Updating git repository `https://github.com/PistonDevelopers/sdl2_window`
[INFO] running `Command { std: "/workspace/cargo-home/bin/cargo" "+af3c6e733a40e671550e0f0f5aeecaa13772ba56" "fetch" "--locked" "--manifest-path" "Cargo.toml", kill_on_drop: false }`
[INFO] [stderr] warning: path `/workspace/builds/worker-1/source/src/boids.rs` was erroneously implicitly accepted for binary `boids`,
[INFO] [stderr] please set bin.path in Cargo.toml
[INFO] [stderr]     Blocking waiting for file lock on package cache
[INFO] running `Command { std: "docker" "create" "-v" "/var/lib/crater-agent-workspace/builds/worker-1/target:/opt/rustwide/target:rw,Z" "-v" "/var/lib/crater-agent-workspace/builds/worker-1/source:/opt/rustwide/workdir:ro,Z" "-v" "/var/lib/crater-agent-workspace/cargo-home:/opt/rustwide/cargo-home:ro,Z" "-v" "/var/lib/crater-agent-workspace/rustup-home:/opt/rustwide/rustup-home:ro,Z" "-e" "SOURCE_DIR=/opt/rustwide/workdir" "-e" "CARGO_TARGET_DIR=/opt/rustwide/target" "-e" "CARGO_HOME=/opt/rustwide/cargo-home" "-e" "RUSTUP_HOME=/opt/rustwide/rustup-home" "-w" "/opt/rustwide/workdir" "-m" "1610612736" "--user" "0:0" "--network" "none" "rustops/crates-build-env@sha256:d92eaeed33fa75130ca1ee6c8a01d1ffb62bac859dfdfb3450e3e5d1c0146529" "/opt/rustwide/cargo-home/bin/cargo" "+af3c6e733a40e671550e0f0f5aeecaa13772ba56" "metadata" "--no-deps" "--format-version=1", kill_on_drop: false }`
[INFO] [stdout] 0af1bca66c07bda1b1db655f5301878f1e0b7cd47f7e0962bba5291739031c22
[INFO] [stderr] WARNING: Your kernel does not support swap limit capabilities or the cgroup is not mounted. Memory limited without swap.
[INFO] running `Command { std: "docker" "start" "-a" "0af1bca66c07bda1b1db655f5301878f1e0b7cd47f7e0962bba5291739031c22", kill_on_drop: false }`
[INFO] running `Command { std: "docker" "inspect" "0af1bca66c07bda1b1db655f5301878f1e0b7cd47f7e0962bba5291739031c22", kill_on_drop: false }`
[INFO] running `Command { std: "docker" "rm" "-f" "0af1bca66c07bda1b1db655f5301878f1e0b7cd47f7e0962bba5291739031c22", kill_on_drop: false }`
[INFO] [stdout] 0af1bca66c07bda1b1db655f5301878f1e0b7cd47f7e0962bba5291739031c22
[INFO] running `Command { std: "docker" "create" "-v" "/var/lib/crater-agent-workspace/builds/worker-1/target:/opt/rustwide/target:rw,Z" "-v" "/var/lib/crater-agent-workspace/builds/worker-1/source:/opt/rustwide/workdir:ro,Z" "-v" "/var/lib/crater-agent-workspace/cargo-home:/opt/rustwide/cargo-home:ro,Z" "-v" "/var/lib/crater-agent-workspace/rustup-home:/opt/rustwide/rustup-home:ro,Z" "-e" "SOURCE_DIR=/opt/rustwide/workdir" "-e" "CARGO_TARGET_DIR=/opt/rustwide/target" "-e" "CARGO_INCREMENTAL=0" "-e" "RUST_BACKTRACE=full" "-e" "RUSTFLAGS=--cap-lints=forbid" "-e" "CARGO_HOME=/opt/rustwide/cargo-home" "-e" "RUSTUP_HOME=/opt/rustwide/rustup-home" "-w" "/opt/rustwide/workdir" "-m" "1610612736" "--user" "0:0" "--network" "none" "rustops/crates-build-env@sha256:d92eaeed33fa75130ca1ee6c8a01d1ffb62bac859dfdfb3450e3e5d1c0146529" "/opt/rustwide/cargo-home/bin/cargo" "+af3c6e733a40e671550e0f0f5aeecaa13772ba56" "check" "--frozen" "--all" "--all-targets" "--message-format=json", kill_on_drop: false }`
[INFO] [stdout] 13250380feac088d1fc2600b9e45a201122e54d77561011fef9d5b044dfc6110
[INFO] [stderr] WARNING: Your kernel does not support swap limit capabilities or the cgroup is not mounted. Memory limited without swap.
[INFO] running `Command { std: "docker" "start" "-a" "13250380feac088d1fc2600b9e45a201122e54d77561011fef9d5b044dfc6110", kill_on_drop: false }`
[INFO] [stderr] warning: path `/opt/rustwide/workdir/src/boids.rs` was erroneously implicitly accepted for binary `boids`,
[INFO] [stderr] please set bin.path in Cargo.toml
[INFO] [stderr]    Compiling libc v0.2.77
[INFO] [stderr]    Compiling serde v1.0.116
[INFO] [stderr]    Compiling log v0.4.11
[INFO] [stderr]     Checking piston-graphics_api_version v1.0.0
[INFO] [stderr]    Compiling getrandom v0.1.15
[INFO] [stderr]    Compiling version-compare v0.0.10
[INFO] [stderr]     Checking adler32 v1.2.0
[INFO] [stderr]    Compiling crc32fast v1.2.0
[INFO] [stderr]     Checking either v1.6.0
[INFO] [stderr]     Checking ppv-lite86 v0.2.9
[INFO] [stderr]    Compiling proc-macro-hack v0.5.18
[INFO] [stderr]     Checking rustc-serialize v0.3.24
[INFO] [stderr]    Compiling sdl2 v0.34.3
[INFO] [stderr]     Checking bytemuck v1.4.1
[INFO] [stderr]    Compiling rayon-core v1.8.0
[INFO] [stderr]    Compiling num-traits v0.2.12
[INFO] [stderr]    Compiling num-integer v0.1.43
[INFO] [stderr]    Compiling num-complex v0.2.4
[INFO] [stderr]    Compiling num-rational v0.3.0
[INFO] [stderr]     Checking miniz_oxide v0.3.7
[INFO] [stderr]     Checking shader_version v0.7.0
[INFO] [stderr]    Compiling crossbeam-utils v0.7.2
[INFO] [stderr]    Compiling memoffset v0.5.5
[INFO] [stderr]    Compiling crossbeam-epoch v0.8.2
[INFO] [stderr]    Compiling num-iter v0.1.41
[INFO] [stderr]    Compiling rayon v1.4.0
[INFO] [stderr]    Compiling num-rational v0.2.4
[INFO] [stderr]     Checking piston2d-graphics v0.37.0 (https://github.com/PistonDevelopers/graphics#ca4f7937)
[INFO] [stderr]     Checking deflate v0.8.6
[INFO] [stderr]    Compiling sdl2-sys v0.34.3
[INFO] [stderr]     Checking generic-array v0.13.2
[INFO] [stderr]     Checking tiff v0.5.0
[INFO] [stderr]    Compiling gl_generator v0.10.0
[INFO] [stderr]     Checking crossbeam-channel v0.4.4
[INFO] [stderr]     Checking png v0.16.7
[INFO] [stderr]     Checking num_cpus v1.13.0
[INFO] [stderr]     Checking rand v0.4.6
[INFO] [stderr]     Checking crossbeam-deque v0.7.3
[INFO] [stderr]     Checking rand_core v0.5.1
[INFO] [stderr]    Compiling paste-impl v0.1.18
[INFO] [stderr]     Checking approx v0.3.2
[INFO] [stderr]     Checking ordered-float v1.1.0
[INFO] [stderr]     Checking rand_chacha v0.2.2
[INFO] [stderr]     Checking rand v0.7.3
[INFO] [stderr]     Checking rand v0.3.23
[INFO] [stderr]     Checking rusttype v0.8.3
[INFO] [stderr]    Compiling gl v0.11.0
[INFO] [stderr]     Checking num-bigint v0.1.44
[INFO] [stderr]     Checking num-complex v0.1.43
[INFO] [stderr]     Checking paste v0.1.18
[INFO] [stderr]     Checking piston2d-graphics v0.37.0
[INFO] [stderr]     Checking simba v0.2.0
[INFO] [stderr]     Checking rand_distr v0.2.2
[INFO] [stderr]     Checking nalgebra v0.22.0
[INFO] [stderr]     Checking num-rational v0.1.42
[INFO] [stderr]     Checking num v0.1.42
[INFO] [stderr]     Checking pistoncore-input v1.0.0 (https://github.com/PistonDevelopers/piston#8704c7a6)
[INFO] [stderr]     Checking pistoncore-input v1.0.0
[INFO] [stderr]     Checking jpeg-decoder v0.1.20
[INFO] [stderr]     Checking image v0.23.9
[INFO] [stderr]     Checking pistoncore-window v0.47.0
[INFO] [stderr]     Checking pistoncore-sdl2_window v0.66.0 (https://github.com/PistonDevelopers/sdl2_window#c55ac30e)
[INFO] [stderr]     Checking pistoncore-window v0.47.0 (https://github.com/PistonDevelopers/piston#8704c7a6)
[INFO] [stderr]     Checking pistoncore-event_loop v0.52.0 (https://github.com/PistonDevelopers/piston#8704c7a6)
[INFO] [stderr]     Checking piston v0.52.0 (https://github.com/PistonDevelopers/piston#8704c7a6)
[INFO] [stderr]     Checking piston2d-opengl_graphics v0.74.0 (https://github.com/PistonDevelopers/opengl_graphics#3c331577)
[INFO] [stderr]     Checking boids v0.0.2 (/opt/rustwide/workdir)
[INFO] [stdout] error[E0432]: unresolved import `piston::event`
[INFO] [stdout]   --> src/boids.rs:13:13
[INFO] [stdout]    |
[INFO] [stdout] 13 | use piston::event::{Events, RenderEvent, UpdateEvent};
[INFO] [stdout]    |             ^^^^^ could not find `event` in `piston`
[INFO] [stdout] 
[INFO] [stdout] 
[INFO] [stdout] error[E0432]: unresolved imports `na::ApproxEq`, `na::RotationTo`, `na::Axpy`, `na::Pnt2`, `na::Vec2`
[INFO] [stdout]   --> src/boids.rs:18:5
[INFO] [stdout]    |
[INFO] [stdout] 18 |     ApproxEq, RotationTo, Norm, Axpy,
[INFO] [stdout]    |     ^^^^^^^^  ^^^^^^^^^^        ^^^^ no `Axpy` in the root
[INFO] [stdout]    |     |         |
[INFO] [stdout]    |     |         no `RotationTo` in the root
[INFO] [stdout]    |     |         help: a similar name exists in the module: `Rotation2`
[INFO] [stdout]    |     no `ApproxEq` in the root
[INFO] [stdout] 19 |     Pnt2, Vec2
[INFO] [stdout]    |     ^^^^  ^^^^ no `Vec2` in the root
[INFO] [stdout]    |     |
[INFO] [stdout]    |     no `Pnt2` in the root
[INFO] [stdout] 
[INFO] [stdout] 
[INFO] [stdout] error[E0432]: unresolved import `piston::event`
[INFO] [stdout]   --> src/boids.rs:13:13
[INFO] [stdout]    |
[INFO] [stdout] 13 | use piston::event::{Events, RenderEvent, UpdateEvent};
[INFO] [stdout]    |             ^^^^^ could not find `event` in `piston`
[INFO] [stdout] 
[INFO] [stdout] 
[INFO] [stdout] error[E0432]: unresolved imports `na::ApproxEq`, `na::RotationTo`, `na::Axpy`, `na::Pnt2`, `na::Vec2`
[INFO] [stdout]   --> src/boids.rs:18:5
[INFO] [stdout]    |
[INFO] [stdout] 18 |     ApproxEq, RotationTo, Norm, Axpy,
[INFO] [stdout]    |     ^^^^^^^^  ^^^^^^^^^^        ^^^^ no `Axpy` in the root
[INFO] [stdout]    |     |         |
[INFO] [stdout]    |     |         no `RotationTo` in the root
[INFO] [stdout]    |     |         help: a similar name exists in the module: `Rotation2`
[INFO] [stdout]    |     no `ApproxEq` in the root
[INFO] [stdout] 19 |     Pnt2, Vec2
[INFO] [stdout]    |     ^^^^  ^^^^ no `Vec2` in the root
[INFO] [stdout]    |     |
[INFO] [stdout]    |     no `Pnt2` in the root
[INFO] [stdout] 
[INFO] [stdout] 
[INFO] [stdout] error[E0277]: the trait bound `GlGraphics: Graphics` is not satisfied
[INFO] [stdout]   --> src/boids.rs:57:48
[INFO] [stdout]    |
[INFO] [stdout] 57 |         graphics::clear([0.25, 0.5, 1.0, 1.0], gl);
[INFO] [stdout]    |                                                ^^ the trait `Graphics` is not implemented for `GlGraphics`
[INFO] [stdout]    | 
[INFO] [stdout]   ::: /opt/rustwide/cargo-home/git/checkouts/graphics-25ede37915e5f3aa/ca4f793/./src/lib.rs:96:14
[INFO] [stdout]    |
[INFO] [stdout] 96 |     where G: Graphics
[INFO] [stdout]    |              -------- required by this bound in `clear`
[INFO] [stdout] 
[INFO] [stdout] 
[INFO] [stdout] error[E0277]: the trait bound `GlGraphics: Graphics` is not satisfied
[INFO] [stdout]    --> src/boids.rs:62:36
[INFO] [stdout]     |
[INFO] [stdout] 62  |                 context.transform, gl);
[INFO] [stdout]     |                                    ^^ the trait `Graphics` is not implemented for `GlGraphics`
[INFO] [stdout]     | 
[INFO] [stdout]    ::: /opt/rustwide/cargo-home/git/checkouts/graphics-25ede37915e5f3aa/ca4f793/./src/lib.rs:125:14
[INFO] [stdout]     |
[INFO] [stdout] 125 |     where G: Graphics
[INFO] [stdout]     |              -------- required by this bound in `graphics::ellipse`
[INFO] [stdout] 
[INFO] [stdout] 
[INFO] [stdout] error[E0061]: this function takes 1 argument but 2 arguments were supplied
[INFO] [stdout]    --> src/boids.rs:114:18
[INFO] [stdout]     |
[INFO] [stdout] 114 |     let window = Sdl2Window::new(
[INFO] [stdout]     |                  ^^^^^^^^^^^^^^^ expected 1 argument
[INFO] [stdout] 115 |         OpenGL::_3_2, 
[INFO] [stdout]     |         ------------
[INFO] [stdout] 116 |         WindowSettings::new("Boids".to_string(), Size {width: 640, height: 640})
[INFO] [stdout]     |         ------------------------------------------------------------------------ supplied 2 arguments
[INFO] [stdout] 
[INFO] [stdout] 
[INFO] [stdout] error[E0599]: no variant or associated item named `_3_2` found for enum `OpenGL` in the current scope
[INFO] [stdout]    --> src/boids.rs:115:17
[INFO] [stdout]     |
[INFO] [stdout] 115 |         OpenGL::_3_2, 
[INFO] [stdout]     |                 ^^^^
[INFO] [stdout]     |                 |
[INFO] [stdout]     |                 variant or associated item not found in `OpenGL`
[INFO] [stdout]     |                 help: there is a variant with a similar name: `V3_2`
[INFO] [stdout] 
[INFO] [stdout] 
[INFO] [stdout] error[E0277]: the trait bound `GlGraphics: Graphics` is not satisfied
[INFO] [stdout]   --> src/boids.rs:57:48
[INFO] [stdout]    |
[INFO] [stdout] 57 |         graphics::clear([0.25, 0.5, 1.0, 1.0], gl);
[INFO] [stdout]    |                                                ^^ the trait `Graphics` is not implemented for `GlGraphics`
[INFO] [stdout]    | 
[INFO] [stdout]   ::: /opt/rustwide/cargo-home/git/checkouts/graphics-25ede37915e5f3aa/ca4f793/./src/lib.rs:96:14
[INFO] [stdout]    |
[INFO] [stdout] 96 |     where G: Graphics
[INFO] [stdout]    |              -------- required by this bound in `clear`
[INFO] [stdout] 
[INFO] [stdout] 
[INFO] [stdout] error[E0277]: the trait bound `GlGraphics: Graphics` is not satisfied
[INFO] [stdout]    --> src/boids.rs:62:36
[INFO] [stdout]     |
[INFO] [stdout] 62  |                 context.transform, gl);
[INFO] [stdout]     |                                    ^^ the trait `Graphics` is not implemented for `GlGraphics`
[INFO] [stdout]     | 
[INFO] [stdout]    ::: /opt/rustwide/cargo-home/git/checkouts/graphics-25ede37915e5f3aa/ca4f793/./src/lib.rs:125:14
[INFO] [stdout]     |
[INFO] [stdout] 125 |     where G: Graphics
[INFO] [stdout]     |              -------- required by this bound in `graphics::ellipse`
[INFO] [stdout] 
[INFO] [stdout] 
[INFO] [stdout] error[E0061]: this function takes 1 argument but 2 arguments were supplied
[INFO] [stdout]    --> src/boids.rs:114:18
[INFO] [stdout]     |
[INFO] [stdout] 114 |     let window = Sdl2Window::new(
[INFO] [stdout]     |                  ^^^^^^^^^^^^^^^ expected 1 argument
[INFO] [stdout] 115 |         OpenGL::_3_2, 
[INFO] [stdout]     |         ------------
[INFO] [stdout] 116 |         WindowSettings::new("Boids".to_string(), Size {width: 640, height: 640})
[INFO] [stdout]     |         ------------------------------------------------------------------------ supplied 2 arguments
[INFO] [stdout] 
[INFO] [stdout] 
[INFO] [stdout] error[E0599]: no variant or associated item named `_3_2` found for enum `OpenGL` in the current scope
[INFO] [stdout]    --> src/boids.rs:115:17
[INFO] [stdout]     |
[INFO] [stdout] 115 |         OpenGL::_3_2, 
[INFO] [stdout]     |                 ^^^^
[INFO] [stdout]     |                 |
[INFO] [stdout]     |                 variant or associated item not found in `OpenGL`
[INFO] [stdout]     |                 help: there is a variant with a similar name: `V3_2`
[INFO] [stdout] 
[INFO] [stdout] 
[INFO] [stdout] error[E0308]: mismatched types
[INFO] [stdout]    --> src/boids.rs:116:63
[INFO] [stdout]     |
[INFO] [stdout] 116 |         WindowSettings::new("Boids".to_string(), Size {width: 640, height: 640})
[INFO] [stdout]     |                                                               ^^^
[INFO] [stdout]     |                                                               |
[INFO] [stdout]     |                                                               expected `f64`, found integer
[INFO] [stdout]     |                                                               help: use a float literal: `640.0`
[INFO] [stdout] 
[INFO] [stdout] 
[INFO] [stdout] error[E0308]: mismatched types
[INFO] [stdout]    --> src/boids.rs:116:63
[INFO] [stdout]     |
[INFO] [stdout] 116 |         WindowSettings::new("Boids".to_string(), Size {width: 640, height: 640})
[INFO] [stdout]     |                                                               ^^^
[INFO] [stdout]     |                                                               |
[INFO] [stdout]     |                                                               expected `f64`, found integer
[INFO] [stdout]     |                                                               help: use a float literal: `640.0`
[INFO] [stdout] 
[INFO] [stdout] 
[INFO] [stdout] error[E0308]: mismatched types
[INFO] [stdout]    --> src/boids.rs:116:76
[INFO] [stdout]     |
[INFO] [stdout] 116 |         WindowSettings::new("Boids".to_string(), Size {width: 640, height: 640})
[INFO] [stdout]     |                                                                            ^^^
[INFO] [stdout]     |                                                                            |
[INFO] [stdout]     |                                                                            expected `f64`, found integer
[INFO] [stdout]     |                                                                            help: use a float literal: `640.0`
[INFO] [stdout] 
[INFO] [stdout] 
[INFO] [stdout] error[E0599]: no variant or associated item named `_3_2` found for enum `OpenGL` in the current scope
[INFO] [stdout]    --> src/boids.rs:118:42
[INFO] [stdout]     |
[INFO] [stdout] 118 |     let mut gl = GlGraphics::new(OpenGL::_3_2);
[INFO] [stdout]     |                                          ^^^^
[INFO] [stdout]     |                                          |
[INFO] [stdout]     |                                          variant or associated item not found in `OpenGL`
[INFO] [stdout]     |                                          help: there is a variant with a similar name: `V3_2`
[INFO] [stdout] 
[INFO] [stdout] 
[INFO] [stdout] error[E0599]: no method named `events` found for enum `std::result::Result<Sdl2Window, Box<dyn std::error::Error>>` in the current scope
[INFO] [stdout]    --> src/boids.rs:120:21
[INFO] [stdout]     |
[INFO] [stdout] 120 |     for e in window.events() {
[INFO] [stdout]     |                     ^^^^^^ method not found in `std::result::Result<Sdl2Window, Box<dyn std::error::Error>>`
[INFO] [stdout] 
[INFO] [stdout] 
[INFO] [stdout] error[E0308]: mismatched types
[INFO] [stdout]    --> src/boids.rs:116:76
[INFO] [stdout]     |
[INFO] [stdout] 116 |         WindowSettings::new("Boids".to_string(), Size {width: 640, height: 640})
[INFO] [stdout]     |                                                                            ^^^
[INFO] [stdout]     |                                                                            |
[INFO] [stdout]     |                                                                            expected `f64`, found integer
[INFO] [stdout]     |                                                                            help: use a float literal: `640.0`
[INFO] [stdout] 
[INFO] [stdout] 
[INFO] [stdout] error[E0599]: no variant or associated item named `_3_2` found for enum `OpenGL` in the current scope
[INFO] [stdout]    --> src/boids.rs:118:42
[INFO] [stdout]     |
[INFO] [stdout] 118 |     let mut gl = GlGraphics::new(OpenGL::_3_2);
[INFO] [stdout]     |                                          ^^^^
[INFO] [stdout]     |                                          |
[INFO] [stdout]     |                                          variant or associated item not found in `OpenGL`
[INFO] [stdout]     |                                          help: there is a variant with a similar name: `V3_2`
[INFO] [stdout] 
[INFO] [stdout] 
[INFO] [stdout] error[E0599]: no method named `events` found for enum `std::result::Result<Sdl2Window, Box<dyn std::error::Error>>` in the current scope
[INFO] [stdout]    --> src/boids.rs:120:21
[INFO] [stdout]     |
[INFO] [stdout] 120 |     for e in window.events() {
[INFO] [stdout]     |                     ^^^^^^ method not found in `std::result::Result<Sdl2Window, Box<dyn std::error::Error>>`
[INFO] [stdout] 
[INFO] [stdout] 
[INFO] [stdout] error[E0308]: mismatched types
[INFO] [stdout]    --> src/boids.rs:122:63
[INFO] [stdout]     |
[INFO] [stdout] 122 |             gl.draw(args.viewport(), |context, g| {app.render(context, g);});
[INFO] [stdout]     |                                                               ^^^^^^^ expected struct `graphics::Context`, found struct `graphics::context::Context`
[INFO] [stdout]     |
[INFO] [stdout]     = note: perhaps two different versions of crate `graphics` are being used?
[INFO] [stdout] 
[INFO] [stdout] 
[INFO] [stdout] warning: unused import: `Norm`
[INFO] [stdout]   --> src/boids.rs:18:27
[INFO] [stdout]    |
[INFO] [stdout] 18 |     ApproxEq, RotationTo, Norm, Axpy,
[INFO] [stdout]    |                           ^^^^
[INFO] [stdout]    |
[INFO] [stdout]    = note: `#[warn(unused_imports)]` on by default
[INFO] [stdout] 
[INFO] [stdout] 
[INFO] [stdout] error: aborting due to 11 previous errors; 1 warning emitted
[INFO] [stdout] 
[INFO] [stdout] 
[INFO] [stdout] Some errors have detailed explanations: E0061, E0277, E0308, E0432, E0599.
[INFO] [stdout] 
[INFO] [stdout] For more information about an error, try `rustc --explain E0061`.
[INFO] [stdout] 
[INFO] [stderr] error: could not compile `boids`.
[INFO] [stderr] 
[INFO] [stderr] To learn more, run the command again with --verbose.
[INFO] [stderr] warning: build failed, waiting for other jobs to finish...
[INFO] [stdout] error[E0308]: mismatched types
[INFO] [stdout]    --> src/boids.rs:122:63
[INFO] [stdout]     |
[INFO] [stdout] 122 |             gl.draw(args.viewport(), |context, g| {app.render(context, g);});
[INFO] [stdout]     |                                                               ^^^^^^^ expected struct `graphics::Context`, found struct `graphics::context::Context`
[INFO] [stdout]     |
[INFO] [stdout]     = note: perhaps two different versions of crate `graphics` are being used?
[INFO] [stdout] 
[INFO] [stdout] 
[INFO] [stdout] warning: unused import: `Norm`
[INFO] [stdout]   --> src/boids.rs:18:27
[INFO] [stdout]    |
[INFO] [stdout] 18 |     ApproxEq, RotationTo, Norm, Axpy,
[INFO] [stdout]    |                           ^^^^
[INFO] [stdout]    |
[INFO] [stdout]    = note: `#[warn(unused_imports)]` on by default
[INFO] [stdout] 
[INFO] [stdout] 
[INFO] [stdout] error: aborting due to 11 previous errors; 1 warning emitted
[INFO] [stdout] 
[INFO] [stdout] 
[INFO] [stdout] Some errors have detailed explanations: E0061, E0277, E0308, E0432, E0599.
[INFO] [stdout] 
[INFO] [stdout] For more information about an error, try `rustc --explain E0061`.
[INFO] [stdout] 
[INFO] [stderr] error: build failed
[INFO] running `Command { std: "docker" "inspect" "13250380feac088d1fc2600b9e45a201122e54d77561011fef9d5b044dfc6110", kill_on_drop: false }`
[INFO] running `Command { std: "docker" "rm" "-f" "13250380feac088d1fc2600b9e45a201122e54d77561011fef9d5b044dfc6110", kill_on_drop: false }`
[INFO] [stdout] 13250380feac088d1fc2600b9e45a201122e54d77561011fef9d5b044dfc6110
